hat is -6874236 + -11?
-6874247
In base 8, what is 2157500 - 114?
2157364
In base 15, what is 3 + 555083b?
555083e
In base 5, what is 13033403424 - 40?
13033403334
In base 12, what is -3 + -2a1a724b?
-2a1a7252
In base 6, what is 35023 + -3521?
31102
In base 6, what is -33103303 - 2415?
-33110122
In base 15, what is -4b7d + 4079?
-b04
In base 13, what is -2 + 8c6c62b?
8c6c629
In base 16, what is -32 + -2ac66?
-2ac98
In base 4, what is -1200202 - 1132202?
-2333010
In base 5, what is 4043341 + 14340?
4113231
In base 7, what is 11135365 - 21?
11135344
In base 13, what is -40610874 - -1?
-40610873
In base 6, what is 13302300 - -2014?
13304314
In base 9, what is -203772581 - -3?
-203772577
In base 5, what is -2 - -14314301?
14314244
In base 4, what is 32310 + -1103032?
-1010122
In base 8, what is -42563235 - -1?
-42563234
In base 16, what is -11 - -24ca72?
24ca61
In base 16, what is -3f - fc4c7?
-fc506
In base 10, what is 4518195 + 57?
4518252
In base 10, what is -63552 + 2482?
-61070
In base 2, what is 1111001110001111110 - 1110?
1111001110001110000
In base 8, what is 4420 + -26652?
-22232
In base 2, what is -1 - 1100000000010101100001?
-1100000000010101100010
In base 6, what is 152 - -22255302?
22255454
In base 9, what is -21878 + 133346?
111357
In base 12, what is 1 + -6724323?
-6724322
In base 2, what is -100110011111 - 1110111001?
-110101011000
In base 11, what is -272 + 14393?
14121
In base 9, what is -27056575 - 4?
-27056580
In base 10, what is 4 + -29445857?
-29445853
In base 4, what is 22 + -1001233203?
-1001233121
In base 4, what is -10112 + -203230121?
-203300233
In base 9, what is -114 + 2774734?
2774620
In base 2, what is 101100101110010110000100110 + 11?
101100101110010110000101001
In base 16, what is 10 + -1dbb868?
-1dbb858
In base 16, what is -136bff - -10?
-136bef
In base 16, what is -185c6e + -1?
-185c6f
In base 7, what is -10 + -44636621?
-44636631
In base 8, what is 34243 - -75?
34340
In base 12, what is -a650b02 - 3?
-a650b05
In base 11, what is 3 - -548933a?
5489342
In base 9, what is 62640000 + 4?
62640004
In base 2, what is -1101010101001001010011 - 1001?
-1101010101001001011100
In base 16, what is 38a2c6 - -1?
38a2c7
In base 16, what is 3 + 1fe98fb?
1fe98fe
In base 11, what is 5 + -46284a?
-462845
In base 7, what is 10224 - -11136?
21363
In base 2, what is 100001111001101101 - 1001010?
100001111000100011
In base 4, what is 0 - -123322231223111?
123322231223111
In base 16, what is -3d94b + 67?
-3d8e4
In base 15, what is -1684a00 + 2?
-16849ed
In base 5, what is 13021 + -23433?
-10412
In base 16, what is 3 - c89896e?
-c89896b
In base 7, what is -13311343 - 32?
-13311405
In base 10, what is 732038 + -23?
732015
In base 12, what is a938a - 112?
a9278
In base 11, what is -12 + -1155495?
-11554a7
In base 8, what is 3034 + 103044?
106100
In base 13, what is 1650b + -394?
16147
In base 14, what is b9dbc93 + 2?
b9dbc95
In base 12, what is 448 + -14701?
-14275
In base 2, what is 11111010111100011111 + 1?
11111010111100100000
In base 16, what is -5c1 + 1187f?
112be
In base 16, what is -d - 876d4?
-876e1
In base 4, what is -30331 + -1213333032?
-1220030023
In base 10, what is -38538 + 18846?
-19692
In base 12, what is -b + 5724b9?
5724aa
In base 4, what is 0 - -331303332232?
331303332232
In base 14, what is 163 - -96da4?
97127
In base 8, what is 2 + -270437710?
-270437706
In base 12, what is 655b + 34619?
3ab78
In base 9, what is -7 - -2417373?
2417365
In base 7, what is -144400525 - 10?
-144400535
In base 5, what is -104442 - -32430?
-22012
In base 7, what is -3511 - 153511?
-160322
In base 6, what is -1 + -35055251244?
-35055251245
In base 16, what is 1e6 - -6e42?
7028
In base 8, what is -23 - -1566160?
1566135
In base 8, what is 6 - -324761505?
324761513
In base 11, what is -448596 - -a?
-448587
In base 4, what is -133123123 + 311033?
-132212030
In base 9, what is -4242 + 23685?
18443
In base 4, what is -201 + -21202230012?
-21202230213
In base 9, what is -42356 + 21?
-42335
In base 15, what is 10827b6 + 6?
10827bc
In base 10, what is 6935181 + -34?
6935147
In base 14, what is 102aa60c + 6?
102aa614
In base 2, what is -1100 + -111101111011010?
-111101111100110
In base 11, what is 141 + 28315?
28456
In base 13, what is 4 + cbb363?
cbb367
In base 14, what is -12 + -280694?
-2806a6
In base 6, what is -21531030 - 0?
-21531030
In base 16, what is -46a - 40569?
-409d3
In base 3, what is -211022000111110 - -10?
-211022000111100
In base 4, what is 11 + -300231011?
-300231000
In base 6, what is 0 - -31132522?
31132522
In base 12, what is -baa + 103a3?
b3b5
In base 10, what is 95375 + 2936?
98311
In base 8, what is 40 - 1710412?
-1710352
In base 10, what is 65534 + 125?
65659
In base 2, what is -1011100000011011001110 - 1?
-1011100000011011001111
In base 4, what is 13 - 22300132333232?
-22300132333213
In base 8, what is 2744317 + -14?
2744303
In base 9, what is -5 + 5342347?
5342342
In base 4, what is -12332232120 + -12013?
-12332310133
In base 9, what is -3227020 + -8?
-3227028
In base 15, what is 1350b + -2c?
134ce
In base 5, what is -322422 - -430?
-321442
In base 5, what is -1024340123 - 1000?
-1024341123
In base 16, what is b5092b + -5?
b50926
In base 13, what is -4 + -2824985?
-2824989
In base 10, what is 141996 + 1162?
143158
In base 12, what is -8176 + 1a4?
-7b92
In base 16, what is 13baf + aa5?
14654
In base 2, what is 10010110101100111101000010 + 11?
10010110101100111101000101
In base 3, what is 2200200122022 - -2112?
2200200201211
In base 8, what is 33061041 + -35?
33061004
In base 13, what is 20ca - 35a?
1a70
In base 7, what is -221 + 26556260?
26556036
In base 14, what is -10d32 - -330?
-10a02
In base 15, what is 3 - -1c08d1?
1c08d4
In base 12, what is 114b3 - -36?
11529
In base 6, what is -3 - 114233554?
-114234001
In base 6, what is -11204515 + 10?
-11204505
In base 8, what is 110027 - -301?
110330
In base 3, what is -1112122001102110 + 10?
-1112122001102100
In base 2, what is -10 - -11000101110001001100110?
11000101110001001100100
In base 3, what is 1202022102222202 + 101?
1202022110000010
In base 8, what is -10 + 224023160?
224023150
In base 15, what is -e - -7dd25b?
7dd24c
In base 14, what is -19c3799d - -1?
-19c3799c
In base 14, what is 2ba102 - 9?
2ba0d7
In base 9, what is -18317 - -558?
-17648
In base 8, what is -6 + -57536215?
-57536223
In base 8, what is 11354 + 32333?
43707
In base 13, what is 1 + -3b3ab61?
-3b3ab60
In base 12, what is -2194 + 1a30?
-364
In base 3, what is -11 - 110112221012001111?
-110112221012001122
In base 16, what is -1d2 + -4f94?
-5166
In base 7, what is 4616060633 - -1?
4616060634
In base 15, what is 95b73 - -28a?
95e0d
In base 15, what is 11 + -b073d8?
-b073c7
In base 11, what is -a586 + -5950?
-15426
In base 11, what is -20 - 667330?
-667350
In base 3, what is -1010110001010011211 + 10?
-1010110001010011201
In base 7, what is -1145462111 - 3?
-1145462114
In base 13, what is -223c2 - -c9?
-222c6
In base 11, what is -2342 + 4127?
1895
In base 16, what is 29c8a84 - -5?
29c8a89
In base 5, what is 3043311 - -32420?
3131231
In base 4, what is -3332012 + -223232?
-10221310
In base 2, what is -1 - -10111101100110000000000?
10111101100101111111111
In base 11, what is 3 - 19897553?
-19897550
In base 7, what is -31221 + 160400?
126146
In base 11, what is 4 + -22a75879?
-22a75875
In base 11, what is -17a31111 - 5?
-17a31116
In base 4, what is -111 + 302321033330?
302321033213
In base 5, what is 1201431122 - -43?
1201431220
In base 4, what is -1220011013 + -1223?
-1220012302
In base 10, what is 1711218 - 3?
1711215
In base 10, what is -634357729 - 4?
-634357733
In base 11, what is -2a1 + -61364?
-61655
In base 6, what is 3 + 203113254?
203113301
In base 2, what is -10000 + -11011010010111011000111?
-11011010010111011010111
In base 8, what is 12022031 - 10?
12022021
In base 12, what is -187 + 15a96?
1590b
In base 7, what is -5521636 + 61?
-5521545
In base 7, what is -22661055 + -10?
-22661065
In base 5, what is -10 + -102331234214?
-102331234224
In base 13, what is -5 + 26615a0?
2661598
In base 15, what is 1 + -4e58675?
-4e58674
In base 6, what is 411 - 2440330?
-2435515
In base 9, what is -5 + 14434350?
14434344
In base 15, what is 6238 - -5?
623d
In base 11, what is 0 + 78585?
78585
In base 9, what is 